actors of q?
17
Let r = -43 - -52. Let z be r + -11 + (1 - -1). Suppose z = -5*l + 2*v + 395, 5*l - v = 413 - 13. What are the prime factors of l?
3
Let f be 1*(-2 - -4) + -9. Let o(v) be the first derivative of -v**2 + 3*v - 4. What are the prime factors of o(f)?
17
Suppose -1072*y + 1101*y - 1421 = 0. Let k be ((-68)/(-6))/(4/18). Let u = k - y. What are the prime factors of u?
2
List the prime factors of 456/(-9)*(-16)/(192/2205).
2, 5, 7, 19
Let t be (-3)/(-33) - (6 - 520/88). Suppose t = 29*g - 61210 + 8633. List the prime factors of g.
7, 37
Let c(y) = y - 15. Let r be c(13). Let n(w) = 6*w**2 + 2*w + 2. Let x be n(r). Let l = 39 - x. List the prime factors of l.
17
Suppose -4*a + 5*p + 294220 = 61947, -2*p + 14 = 0. List the prime factors of a.
3, 239
Let h be 32/56 - (-2822)/(-14). Let v = 504 + h. What are the prime factors of v?
3, 101
Suppose 0 = -40*n - 8*n - 26*n + 704554. List the prime factors of n.
9521
Let m(j) = -j**2 - 15*j - 27. Let x(i) = -2*i**2 - 23*i - 16. Let u be x(-11). List the prime factors of m(u).
23
Let d(i) = 2*i**2 - 11*i + 39. Suppose 5*j + 2 - 5 = c, 5*j = 4*c - 33. List the prime factors of d(c).
3, 5, 13
Suppose 6*h + 22 = -5*h. List the prime factors of (39/(-9))/((-5 - h)/81).
3, 13
Let i(j) = -21*j**3 - 7*j**2 - 47*j - 293. List the prime factors of i(-7).
2, 431
Let b(p) = -p**2 + 34*p + 49. Let g be b(21). Suppose -3*m = 9, -g = z + m - 1807. Suppose -4*o - 12*o = -z. What are the prime factors of o?
3, 31
List the prime factors of 3381210/630 + (1 - (0 - -1)).
3, 1789
Let x = 2833 + 722. What are the prime factors of x?
3, 5, 79
Suppose 34*h = 68*h + 578. Let k(x) = -118*x - 303. List the prime factors of k(h).
13, 131
Suppose 5*c + 4535 = -5*y, 2*y = c - 2*y + 917. Let p = -243 - c. What are the prime factors of p?
2, 3, 37
Let j(a) = -7*a + 6. Let f(x) = -48*x + 42. Let t(w) = -5*f(w) + 36*j(w). Let k(u) = 4*u + 200. Let d be k(-51). What are the prime factors of t(d)?
2, 3
Let h = 22 - 43. Let y(q) = q**3 + 20*q**2 - 32*q + 78. What are the prime factors of y(h)?
3, 103
Suppose 7*v + 3789 = 72053. Suppose -v = -7*w - 1009. List the prime factors of w.
1249
Let h(g) = -6*g - 15. Let z be (-1 - 10/(-15))*12. Let l be h(z). Suppose -156 = 7*k - l*k. List the prime factors of k.
2, 3, 13
Let b(g) = g + 7. Let l be b(-14). Let h be (-40)/8 - (l + -1). Suppose -h*k = 5*k - 144. What are the prime factors of k?
2, 3
Let d(c) = 944*c**2 - 12*c + 8. List the prime factors of d(4).
2, 7, 269
Suppose 0 = 16*m - 2*m + 154. Let d(w) = -2*w**3 - 23*w**2 - 17*w + 10. What are the prime factors of d(m)?
2, 19
Suppose k = -2*d - 2*k + 161, -3*k = -d + 94. Let r be (d - 25)/((-1)/(-2)). Suppose -y - m - 21 + 141 = 0, -5*m - r = -y. What are the prime factors of y?
2, 3, 5
Let y(h) = 155*h**2 + 31*h + 178. List the prime factors of y(-7).
2, 1889
Let g = -212 - -220. List the prime factors of -1 + ((-12)/g)/(12/(-3424)).
7, 61
Let u = 1623 + -2722. Let a = 1880 + u. What are the prime factors of a?
11, 71
Suppose 5*c = 5*m - 69245, -2 = 9*c - 10*c. List the prime factors of m.
3, 19
Suppose -17*u - 5*u + 2222 = 0. Suppose 6*d + 11 = u. List the prime factors of d.
3, 5
Let l = 151 + 2375. List the prime factors of l.
2, 3, 421
Let q(r) be the third derivative of -r**6/120 + r**5/20 + r**4/12 + r**3 - 15*r**2. Let h be q(4). Let y(o) = 16*o**2 - 2. List the prime factors of y(h).
2, 31
Suppose -5*n + 1315 = 5*x, -2*x - 4*n + 520 = -0*x. What are the prime factors of 6/21*(-7 + x)?
2, 37
Let x = 304 + -302. Suppose 216 - x = 2*t. What are the prime factors of t?
107
Let k = 165 - 163. Suppose -k*b - 20*b + 4312 = 0. List the prime factors of b.
2, 7
Suppose -3*s - 5*u = -33166, 5*s - 55302 = -29*u + 27*u. List the prime factors of s.
2, 5531
Let m = 55921 - -20600. List the prime factors of m.
3, 23, 1109
Suppose -8 = 2*k, -48*m + 53*m - 13 = 2*k. Let l be ((2 - -6) + -1)/(-1). List the prime factors of 412/7 - m/l.
59
Suppose -5*b + 244 = 3*d, 5*b - 16 = 4*d + 207. Suppose -b*u + 38*u + 4743 = 0. What are the prime factors of u?
17, 31
Suppose 28*l = 160793 + 321252 + 388251. What are the prime factors of l?
2, 15541
Let f = 560 - 551. Suppose 5*p - 5195 = o, -11*o + 2066 = 2*p - f*o. What are the prime factors of p?
2, 3, 173
Let f be (10 + -3)*3/7. Let b = -146 - -146. Suppose -2*p + f*m + b*m = -401, -3*p = 4*m - 610. List the prime factors of p.
2, 101
Let l(m) = -m**2 + 8 - m + 0*m - 3*m - m. Let z be l(-6). Suppose z*q + 4*q = 342. List the prime factors of q.
3, 19
Let h = 183 - 162. Suppose -h*t = 31*t - 76752. List the prime factors of t.
2, 3, 41
Suppose 0 = -6*o + 6295 + 7535. List the prime factors of o.
5, 461
Let d = 1553 - -3118. Suppose 40*n - 31*n = d. What are the prime factors of n?
3, 173
Let j(a) be the second derivative of 41*a**4/6 + 10*a**3/3 + a**2 - 6*a + 8. List the prime factors of j(-3).
2, 5, 17
Let j = 439 + -392. Suppose -j*g + 5796 = -40*g. List the prime factors of g.
2, 3, 23
Let d = 7969 + -468. What are the prime factors of d?
13, 577
Suppose -2*l - 176 = u - 206, -2*l = -u + 10. Let q be 2 - (2/2 + -11). List the prime factors of (u/q - 2)*-483.
7, 23
Let a(d) = -357*d - 3405. What are the prime factors of a(-16)?
3, 769
Let n = 165302 - 98965. What are the prime factors of n?
66337
Let t(g) = 127 + 5*g**2 + 2*g - 3*g**2 + 0*g**2 + 0*g. What are the prime factors of t(0)?
127
Let c(i) = 4*i**2 - 13*i + 35. Suppose a + 49 = 5*v, -5*v = -7*a + 4*a - 47. Suppose 4*d + 2 = 3*l, -2*l + 5*d + v = 3*l. List the prime factors of c(l).
101
Let k(n) = 41*n**3 - 20*n**2 + 104*n - 56. What are the prime factors of k(7)?
3, 5, 7, 131
Let d = 45503 + -24987. List the prime factors of d.
2, 23, 223
Let i(z) = z**2 - 13*z - 39. Let y = 37 + -35. Let q be (0/(-2) + y)/((-1)/(-11)). List the prime factors of i(q).
3, 53
Let q = -125 - -41. Let v = -624 + 926. Let z = q + v. What are the prime factors of z?
2, 109
Let m be (33/(-22))/(3/(-4)). Suppose 2*p - 1136 = -m*z - 2*p, 0 = 5*p - 20. List the prime factors of z.
2, 5, 7
Suppose 2*w = 7*w - 40. Suppose 2*u - 2 = w. Suppose -5*y = -u*l - y + 169, 123 = 3*l + 3*y. List the prime factors of l.
37
Let m = 35117 - 20998. What are the prime factors of m?
7, 2017
Let i(x) = -2*x**3 - 45*x**2 + 246*x + 239. List the prime factors of i(-41).
2, 3, 5, 349
Suppose 1563 = j - 3706. What are the prime factors of j?
11, 479
Let o be 3/4 + 2/(16/63394). Suppose 0 = 32*l - 523 - o. What are the prime factors of l?
2, 3, 11
Let s be (0/(-6) + 3)*-4. Let j(k) = -2*k**3 - 23*k**2 + 10. List the prime factors of j(s).
2, 7, 11
Suppose -456511 = 133*w - 180*w. List the prime factors of w.
11, 883
Suppose -3*v - 3*y + 137031 = 17958, -238209 = -6*v + 3*y. List the prime factors of v.
2, 23, 863
Let u(t) = -9*t**2 + 2*t - 4. Let a be u(2). Let d be (-17396)/a - (-4)/(-18). Suppose 8*h - d = 589. What are the prime factors of h?
2, 67
Let g(r) = -3*r**3 - 53*r**2 - 44*r - 6. What are the prime factors of g(-29)?
2, 3733
Let l be 1*(-6)/4*1*2. Let w be (-1)/(-2) + (l - (-524)/(-8)). Let o = -20 - w. What are the prime factors of o?
2, 3
Let i(o) = 5*o**3 - 14*o**2 - 38*o - 45. What are the prime factors of i(10)?
5, 127
List the prime factors of 22861 + (-15)/(270/(-252)).
3, 5, 61
Suppose 0 = j + 4*h + 1, -9 = -2*j - 0*h + 3*h. Suppose j*c - 794 = c. What are the prime factors of c?
397
Suppose 81*i = 73*i + 56. Suppose i*v + 303 = 1563. List the prime factors of v.
2, 3, 5
List the prime factors of (-19)/((-1710)/3010308) - ((-32)/60)/4.
2, 37, 113
Let p(j) = -937 - j - 3*j**2 + 1020 + 2*j**2 - j**3. List the prime factors of p(0).
83
What are the prime factors of ((-1775)/2)/(11/(-66))?
3, 5, 71
Let y be (9/2)/((-38)/228). List the prime factors of ((-2408)/(-6))/((-18)/y).
2, 7, 43
Suppose -5*n = 3*q - 2*n - 12, 2*q - n - 5 = 0. Let j be (-3)/((-3)/(3*8/12)). Suppose 3*w - 61 + j = -r, q*r = -w + 201. What are the prime factors of r?
2, 17
Let x(a) = -3*a**3 + 6*a**2 - 5*a - 4. Let s be x(4). What are the prime factors of (-16389)/(-15) - 48/s?
1093
Let y(k) = -46*k + 6. Suppose 3*u - 8 = -0*u + t, -5*u + 2*t + 12 = 0. Let n be y(u). Let r = -97 - n. What are the prime factors of r?
3
Let m be (2/11 - 0) + 84/22. Suppose 89 = m*y + 9. List the prime factors o